). Suppose 5*g = 0, i + 5*g - 9 - 3 = o. Let u be 12/10*30/i. Determine b(u).
6
Let h(a) = -3*a**2 + 9*a - 6. Let x(b) = 2*b**2 - 8*b + 4. Let l(w) = -3*h(w) - 4*x(w). Let j(z) = z**3 - 2*z**2 - z - 2. Let n be j(2). Determine l(n).
-2
Let h(c) = c**2 - 4*c - 7. Suppose 2*y - 10 = -3*y. Suppose -2*u = -u + y. Let p = 4 - u. What is h(p)?
5
Let w(y) = 2*y**3 + 1. Let c be 1/(6 - 3 - 4). Determine w(c).
-1
Let q(p) = -3*p - 6. Let i(d) = -2*d - 1. Let t(x) = -6*i(x) + q(x). What is t(-3)?
-27
Let q(t) = t**3 - 6*t**2 + 5*t + 2. Let z be 1 - (-13)/5 - (-126)/315. Determine q(z).
-10
Suppose 0*x - 3 = -3*x. Suppose -q + 0 + x = 0. Let c be 2*(-5 - -3)*q. Let v(s) = s**2 + 3*s - 4. Give v(c).
0
Let v(c) = c - 7. Let z(s) = 2*s - 15. Let d(b) = 7*v(b) - 3*z(b). Determine d(6).
2
Let u(s) be the first derivative of 4*s**3/3 - 3*s**2/2 - 3*s - 5. Let d(f) = -3*f**2 + 2*f + 2. Let w(x) = 6*d(x) + 4*u(x). Determine w(2).
-8
Let a(i) be the second derivative of i**5/60 - i**4/24 - i**3/6 - 2*i**2 - 2*i. Let j(l) be the first derivative of a(l). Determine j(-1).
1
Let c(z) = 2*z**3 + 2*z**2 - 2*z - 2. Let q be c(-2). Let j be q + 3 + 1 + 2. Let y(o) = o + 1. What is y(j)?
1
Let v(l) = -7 + l - 12*l + 3*l + 5*l**2 + l**3. Let d be (3/(-2))/((-2)/(-8)). What is v(d)?
5
Let h(b) = -b**2 + 5*b + 1. Let y(p) = -2*p - 7. Let s(t) = 3*t + 10. Let m be s(-7). Let o be y(m). Suppose -d - o = -4*d. Calculate h(d).
1
Suppose -4 = 4*q - 12. Let n = 7 - q. Suppose 2*m + n*y + 0*y = -25, 5*y = -15. Let l(o) = -o - 11. Determine l(m).
-6
Let q(x) be the second derivative of -x**5/20 - x**4/3 - 2*x**3/3 - x**2 - 6*x. Give q(-2).
-2
Suppose 5 = -3*j + 2*s, 4 = -4*j - s + 3*s. Let l(c) = -7*c**2 + 1. Calculate l(j).
-6
Let q(z) = z**3 - 5*z**2 + z. Suppose -3 = 3*c - 18. Give q(c).
5
Suppose 1 - 3 = -b. Let g(w) = -7*w - 2 - w**b + 3*w - 2*w. What is g(-4)?
6
Let o(z) = -z - 5. Suppose 6*q = -2*q. Give o(q).
-5
Let t(s) = -3*s + 3. Let g be -2 - (4 + -4) - (1 - 7). Calculate t(g).
-9
Let n(f) = f**2 - 8*f + 3. Let p be n(8). Suppose b = p + 2. Let j(i) = 2 - 5 - i + b. What is j(5)?
-3
Let t be (1/2)/(1/6). Let x(m) = -m - m - 5*m + t*m. Calculate x(-2).
8
Let y = 9 + 1. Let h(z) = z - z**2 + 1 - y + 5*z. Calculate h(6).
-9
Let d be 3/(-4) - (-34)/24. Let q(h) be the second derivative of 1/12*h**4 + 3/2*h**2 + 0 + d*h**3 + 2*h. What is q(-2)?
-1
Let m(y) be the third derivative of -y**5/60 - y**4/12 - y**3/3 + 7*y**2. Let q(c) = c**3 + 13*c**2 - c - 16. Let k be q(-13). Determine m(k).
-5
Let s(g) = -g - 4. Let c(l) = 1. Let u(w) = -3*c(w) + s(w). Determine u(0).
-7
Let d(q) be the first derivative of 2*q**3/3 - q**2 - 2*q + 2. Let x(k) be the first derivative of d(k). Give x(2).
6
Let s(q) = q**2 - 1. Let n(i) = i**2 + 2*i - 3. Let u be n(-4). Suppose -u*l + 3*c + 27 = 0, 6 - 29 = -l + 5*c. Determine s(l).
8
Let l(a) be the second derivative of 5*a**3/3 + a**2/2 + 10*a. Calculate l(-1).
-9
Let p be 2/3 + (-12)/18. Suppose -5*a - 26 = w, -4*w - 5*a - 44 = -p*a. Let i(d) = -d**3 - 7*d**2 - 7*d + 1. Determine i(w).
7
Suppose -j - 2*y + 21 = 5, 5*y - 61 = -4*j. Let i be 52/j - (-2)/7. Let z(v) = -5*v + i*v + 2 + 4*v**2 - v - v**3. What is z(4)?
-6
Suppose -k - 6 = -0. Let y(f) = -f**3 - 6*f**2 + f + 5. Give y(k).
-1
Let n(l) = 43*l**2 - 20*l**2 + 3*l + 3*l - 4*l + 1. What is n(-1)?
22
Let a be -2 - 2 - 0 - -10. Let p(s) = -2*s + 5. What is p(a)?
-7
Let t(d) = -d**2 + 6*d - 3. Let h(i) = -i**2 - 1. Let g(y) = -2*h(y) + t(y). Calculate g(-6).
-1
Let l(w) = -w**3 + 2*w**2 + w. Let g be 2*(3 - 8/4). Determine l(g).
2
Let b(g) = g**2 + 6*g - 4. Let u be b(-6). Let i(v) be the second derivative of -1/2*v**3 + 0 - 2*v**2 + 2*v. What is i(u)?
8
Let i be ((-9)/6)/((-3)/(-4))*2. Let s(f) = -5*f - 4. Give s(i).
16
Suppose 0 = -3*p + 2 + 4. Let x(w) = w**3 + 7*w**2 + 4. Let u be x(-7). Suppose 4*y - u*d = -y - 3, -p*y - 2*d = 12. Let i(t) = -2*t. Calculate i(y).
6
Let a(z) = 6*z + 3. Suppose 0 = 2*h + 3*h + 90. Let f be 40/h + (-2)/(-9). What is a(f)?
-9
Let z(y) = -y**3 + 4*y**2 + 8*y - 5. Let f = -15 + 20. What is z(f)?
10
Let c(q) = -13*q**2 + q. Suppose -a + 3*a = 6. Suppose -a*s + 5*n + 3 = 0, -n - 3 = 4*s - 7. Give c(s).
-12
Let m(i) = -1 - i**2 + 4*i**2 - 4*i**2. Suppose 3*t - 20 = -2*t. Let v be 2 - (1 - t/4). Determine m(v).
-5
Let c(d) be the first derivative of 1/4*d**4 + 2 - 2/3*d**3 + d**2 + d. Determine c(2).
5
Let r = 0 - -3. Suppose d - 3*q = -2*q + r, -3*q = -9. Let m(o) = -o + 3. Give m(d).
-3
Let d(n) = -3*n**2 - 2*n. Suppose 0 = 4*b + o + o, -4*b + o - 12 = 0. Give d(b).
-8
Suppose 0 = 7*l - 2*l. Let f = 0 - -3. Let o(j) = -5 + 2 - f - j. Determine o(l).
-6
Let o = -35 - -39. Let p(a) = -a + 4. What is p(o)?
0
Suppose -4*v - 4*i + 28 = 0, -4*v - v + 21 = -2*i. Let a(r) = -r**3 + 4*r**2 + 3*r + 2. Determine a(v).
-8
Let j(f) = -f**2 + 11*f - 8. Let u(w) = 5*w**2 - 56*w + 40. Let m = -16 - -27. Let q(h) = m*j(h) + 2*u(h). Let z be q(8). Let t(x) = x - 2. Calculate t(z).
-2
Let s(u) be the third derivative of u**4/8 + 7*u**3/6 - 3*u**2. Let t(z) = z + 3. Let l(o) = 2*s(o) - 5*t(o). What is l(5)?
4
Let t(o) = o**2 + o - 1. Let i(l) = -l**3 + 4*l**2 - 6*l - 4. Let u(p) = -i(p) - 3*t(p). Give u(6).
-11
Let f(c) = -c**3 + 2*c**2 - c + 3. Let n be (-9)/12*-2*2. Suppose -n*y = -2*y - 9. Suppose -u = -4*u + y. What is f(u)?
-9
Let u(a) = -8 - a**2 + 6 + 6*a + 0. Give u(5).
3
Let g(p) = -p**3 + 5*p**2 - 5*p. Let i(l) = l**3 - 15*l**2 - 15*l - 11. Let u be i(16). Give g(u).
-25
Let b(v) = 2*v**2 + 2*v + 0 + 2*v + 7 - 3*v**2. What is b(6)?
-5
Let y = 7 - 10. Let s(i) = -4*i + 27 - 4*i**2 - 62 + 3*i**2 + 32. Calculate s(y).
0
Let r(q) be the first derivative of -q**3/3 + 3*q**2 - 9*q - 3. Calculate r(6).
-9
Let a(o) = 13*o**3 - 2*o**2 + 2*o - 1. Let j be (6/9)/((-2)/(-3)). What is a(j)?
12
Let m(y) = y**3 - y**2 + 11. Let s = -14 - -24. Let a be 4/10 - s/25. Determine m(a).
11
Let r(i) be the second derivative of -i**4/3 + i**3/3 + i**2/2 - 2*i. Let k(w) = -w**2 - w - 1. Let d(c) = -3*k(c) + r(c). Determine d(5).
4
Let u(d) = 0*d - 4 - 3*d - 3*d + 4*d. Calculate u(-6).
8
Let j(d) be the first derivative of 5*d**4/2 - 2*d**3/3 + d**2 - d + 11. Give j(1).
9
Let b be 4/(0 + 2/(-2)). Let z be (7/(-4))/(1/(-4)). Let l(h) = -3*h**2 - 22*h - 8. Let j(u) = -u**2 - 7*u - 3. Let c(i) = z*j(i) - 2*l(i). Calculate c(b).
-1
Let z(i) = -i + 4. Let x(f) = 2*f - 5. Let b(v) = 2*x(v) + 3*z(v). Calculate b(-5).
-3
Let c(b) = -5*b**3 + 3*b**2 + 2*b - 6. Let g(x) = -x**3 + x - 1. Let t(u) = c(u) - 6*g(u). What is t(-4)?
0
Suppose -5*j + 6 = -3*k + 1, -4*k = -2*j + 16. Let u(i) = i**2 + 5*i - 1. What is u(k)?
-1
Let u(r) = 3*r - 2. Let s(p) = 3*p - 3. Let y(h) = 4*s(h) - 3*u(h). Let c(o) = -o**3 - 7*o**2 - o + 3. Let g be c(-7). Suppose -g = -v - v. Calculate y(v).
9
Let v(j) be the first derivative of 11*j**4/4 + j**2/2 + 10. Determine v(-1).
-12
Let g = -26 + 18. Let f(c) = c + 11. Determine f(g).
3
Let i(o) = -o + 0*o - 3 + 1. Let f(w) = -w**3 - 4*w**2 + 2*w + 6. Let n be 2/(2/(-3)) - 1. Let k be f(n). Give i(k).
0
Suppose 3*y + 2*i = -y - 12, -5*y - 9 = i. Let t be (-18)/8 - y/4. Let w(n) = -2*n**2 - 2*n - 1. Determine w(t).
-5
Let q(k) = -k**3 - 6*k**2 + k + 8. Let u(c) = -c**3 - 5*c**2 + 2*c + 7. Let p(z) = -3*q(z) + 4*u(z). Calculate p(-3).
-2
Let x(b) = 2*b + 3. Suppose 0 = -g - 2*g - 9, 0 = -2*c - 3*g - 25. Let f be (-6)/c + (-26)/(-8). Suppose 3*w = -3*s, -f*s + 0*w = 3*w + 2. Calculate x(s).
-1
Let s = 1 - -1. Let c(x) = -s*x + 5*x - 1 - x. Suppose -2*y = 4*t + 6, -4*t - 9 = 3. Determine c(y).
5
Let m(r) = -r**2 - 2*r + 2. Let d(g) = -g + 1. Let v(y) = 13*d(y) - 6*m(y). Suppose 2*h = -3*h + 5. Suppose -2*b + 3*b - h = 0. What is v(b)?
6
Let z(v) be the first derivative of -v**3/3 - 2*v**2 + 7*v + 11. Let i = -5 + 3. Let j be 2 + i + -1*6. What is z(j)?
-5
Suppose -h - h = -8. Let n(y) = -y**3 + 4*y**2 - 2. Give n(h).
-2
Let c(g) = -g**3 + g + 1. Let n(j) = -4*j**3 + 4*j - 3. Let d(o) = -3*c(o) + n(o). What is d(0)?
-6
Let u(n) = 3*n - 4 - 1 + 7. Let h(y) = 8*y + 5. Let b(v) = 4*h(v) - 11*u(v). Give b(4).
-6
Let z(t) = -t**2 + 12*t - 6. Let q be z(10). Let u(w) = -w**2 + 14*w - 1. Calculate u(q).
-1
Let s(q) = -q**2 + q - 11. Let m(t) = -t**3 - 2*t**2 + 3*t - 3. Let u be m(-3). Let a be 